{"id":121,"date":"2025-01-23T17:54:24","date_gmt":"2025-01-23T17:54:24","guid":{"rendered":"https:\/\/menoressinpantallas.mareator.es\/?page_id=121"},"modified":"2025-01-23T18:09:17","modified_gmt":"2025-01-23T18:09:17","slug":"por-que-menores-sin-pantallas","status":"publish","type":"page","link":"https:\/\/menoressinpantallas.mareator.es\/","title":{"rendered":"\u00bfPor qu\u00e9 menores sin pantallas?"},"content":{"rendered":"<p>Porque las <strong>pantallas<\/strong> (aparatos con pantalla + internet) son herramientas muy poderosas, complejas y peligrosas que <strong>no deben estar en manos de los menores<\/strong>.<\/p>\n<p>&#8211; <strong>Poderosas<\/strong> porque con ellas se puede hacer de todo hoy en d\u00eda.<\/p>\n<p>&#8211; <strong>Complejas<\/strong> porque no es nada f\u00e1cil saber c\u00f3mo funcionan y utilizarlas correctamente y con seguridad.<\/p>\n<p>&#8211; <strong>Peligrosas<\/strong> porque con ellas podemos ser muy vulnerables, o vernos involucrados en acosos, estafas, robos, maltratos, &#8230; y son muy adictivas.<\/p>\n<p>Porque su uso <strong>interfiere enormemente en el desarrollo<\/strong> mental, emocional, afectivo y social del menor, lo que acabr\u00e1 esculpiendo al adulto futuro.<\/p>\n<p>Porque mientras las est\u00e9n usando <strong>no est\u00e1n conectados al mundo real<\/strong> del que tienen tanto que aprender a esa edad: la emoci\u00f3n, la frustraci\u00f3n, el juego, la psicomotricidad, la paz, el silencio, los dem\u00e1s,&#8230;<\/p>\n<p>Porque <strong>son adictivas<\/strong>: se invierten miles de millones para que liberemos dopamina, y lo consiguen.<\/p>\n<p>En definitiva, y repito, porque no son herramientas para su edad, como no lo es un coche, ni las m\u00e1quinas de un gimnasio, ni la mayor\u00eda de herramientas, ni las tragaperras, ni el juego&#8230; simplemente no han terminado su desarrollo mental, moral, racional,&#8230; y no est\u00e1n preparados.<\/p>\n<p>Y no hay prisa, porque <strong>la mejor edad para aprender TICs es la adolescencia tard\u00eda:<\/strong> El nivel de madurez cognitivo es muy alto, adecuado para el razonamiento l\u00f3gico, Poseen mayor capacidad de abstacci\u00f3n y pensamiento cr\u00edtico, imprescindible, Son suficientemente aut\u00f3nomos y responsables y est\u00e1n motivados para aprender en la pr\u00e1ctica lo que necesitan para su futuro.<\/p>\n<p><strong>Los \u00abnativos digitales\u00bb no existen,<\/strong> son menores como lo fuimos nosotros, que les pones un aparato delante y juegan; como lo habr\u00edamos hecho nosotros.<\/p>\n<p>** Todo lo expuesto aqu\u00ed puede demostrarse con la informaci\u00f3n y documentaci\u00f3n existente en esta web **<\/p>\n","protected":false},"excerpt":{"rendered":"<p>Porque las pantallas (aparatos con pantalla + internet) son herramientas muy poderosas, complejas y peligrosas que no deben estar en manos de los menores. &#8211; Poderosas porque con ellas se puede hacer de todo hoy en d\u00eda. &#8211; Complejas porque no es nada f\u00e1cil saber c\u00f3mo funcionan y utilizarlas correctamente y con seguridad. &#8211; Peligrosas [&hellip;]<\/p>\n","protected":false},"author":1,"featured_media":0,"parent":0,"menu_order":0,"comment_status":"closed","ping_status":"closed","template":"","meta":{"footnotes":""},"class_list":["post-121","page","type-page","status-publish","hentry"],"_links":{"self":[{"href":"https:\/\/menoressinpantallas.mareator.es\/index.php\/wp-json\/wp\/v2\/pages\/121","targetHints":{"allow":["GET"]}}],"collection":[{"href":"https:\/\/menoressinpantallas.mareator.es\/index.php\/wp-json\/wp\/v2\/pages"}],"about":[{"href":"https:\/\/menoressinpantallas.mareator.es\/index.php\/wp-json\/wp\/v2\/types\/page"}],"author":[{"embeddable":true,"href":"https:\/\/menoressinpantallas.mareator.es\/index.php\/wp-json\/wp\/v2\/users\/1"}],"replies":[{"embeddable":true,"href":"https:\/\/menoressinpantallas.mareator.es\/index.php\/wp-json\/wp\/v2\/comments?post=121"}],"version-history":[{"count":5,"href":"https:\/\/menoressinpantallas.mareator.es\/index.php\/wp-json\/wp\/v2\/pages\/121\/revisions"}],"predecessor-version":[{"id":133,"href":"https:\/\/menoressinpantallas.mareator.es\/index.php\/wp-json\/wp\/v2\/pages\/121\/revisions\/133"}],"wp:attachment":[{"href":"https:\/\/menoressinpantallas.mareator.es\/index.php\/wp-json\/wp\/v2\/media?parent=121"}],"curies":[{"name":"wp","href":"https:\/\/api.w.org\/{rel}","templated":true}]}}