{"id":65,"date":"2024-12-18T12:03:38","date_gmt":"2024-12-18T12:03:38","guid":{"rendered":"https:\/\/menoressinpantallas.mareator.es\/?page_id=65"},"modified":"2025-01-07T15:57:32","modified_gmt":"2025-01-07T15:57:32","slug":"recursos","status":"publish","type":"page","link":"https:\/\/menoressinpantallas.mareator.es\/index.php\/recursos\/","title":{"rendered":"Recursos"},"content":{"rendered":"<h3><strong>Escuela Saludable: .<\/strong><br \/>\n<a href=\"https:\/\/escuelasaludable.org\/\" target=\"_blank\">https:\/\/escuelasaludable.org\/<\/a><br \/>\n<\/h3>\n<h3><strong>Efecto pantalla, un nuevo podcast dedicado a las consecuencias del uso de dispositivos m\u00f3biles con la infancia.<\/strong><br \/>\n<a href=\"https:\/\/open.spotify.com\/episode\/5D2dPjpUSh6jqmatJaOiOv?si=W7QofMmbTGCqOrjObi0aFA\" target=\"_blank\" rel=\"noopener\">Primer cap\u00edtulo<\/a><br \/>\n<a href=\"https:\/\/open.spotify.com\/episode\/1gdvl4qPTlX3JLieczcj7O?si=EdjEM8JESU2AopINaBzBlA&amp;context=spotify%3Ashow%3A6LbpxBTF2yOWd1GvzPCg4a&amp;t=21\" target=\"_blank\" rel=\"noopener\">Segundo cap\u00edtulo<\/a><br \/>\n<strong>Eitb &#8211; Suite documental &#8211; Generaci\u00f3n click<br \/>\n<\/strong><a href=\"https:\/\/eitb.eus\/A_5D3jnA\/\">Ir a ver el contenido<\/a><\/h3>\n","protected":false},"excerpt":{"rendered":"<p>Escuela Saludable: . https:\/\/escuelasaludable.org\/ Efecto pantalla, un nuevo podcast dedicado a las consecuencias del uso de dispositivos m\u00f3biles con la infancia. Primer cap\u00edtulo Segundo cap\u00edtulo Eitb &#8211; Suite documental &#8211; Generaci\u00f3n click Ir a ver el contenido<\/p>\n","protected":false},"author":1,"featured_media":0,"parent":0,"menu_order":0,"comment_status":"closed","ping_status":"closed","template":"","meta":{"footnotes":""},"class_list":["post-65","page","type-page","status-publish","hentry"],"_links":{"self":[{"href":"https:\/\/menoressinpantallas.mareator.es\/index.php\/wp-json\/wp\/v2\/pages\/65","targetHints":{"allow":["GET"]}}],"collection":[{"href":"https:\/\/menoressinpantallas.mareator.es\/index.php\/wp-json\/wp\/v2\/pages"}],"about":[{"href":"https:\/\/menoressinpantallas.mareator.es\/index.php\/wp-json\/wp\/v2\/types\/page"}],"author":[{"embeddable":true,"href":"https:\/\/menoressinpantallas.mareator.es\/index.php\/wp-json\/wp\/v2\/users\/1"}],"replies":[{"embeddable":true,"href":"https:\/\/menoressinpantallas.mareator.es\/index.php\/wp-json\/wp\/v2\/comments?post=65"}],"version-history":[{"count":5,"href":"https:\/\/menoressinpantallas.mareator.es\/index.php\/wp-json\/wp\/v2\/pages\/65\/revisions"}],"predecessor-version":[{"id":102,"href":"https:\/\/menoressinpantallas.mareator.es\/index.php\/wp-json\/wp\/v2\/pages\/65\/revisions\/102"}],"wp:attachment":[{"href":"https:\/\/menoressinpantallas.mareator.es\/index.php\/wp-json\/wp\/v2\/media?parent=65"}],"curies":[{"name":"wp","href":"https:\/\/api.w.org\/{rel}","templated":true}]}}